2 - 4880. Calculate the highest common divisor of 23491 and p.
169
Suppose -t = 5*y - 8937, 386*t + 3*y + 35840 = 390*t. Calculate the highest common factor of 53 and t.
53
Suppose -135*z + 130*z = -280. Suppose -21*i - 168 = -25*i. Calculate the highest common factor of z and i.
14
Let l = -101 - -97. Let r(v) = -9*v**3 - v**2 - 5*v - 4. Let s be r(l). Calculate the greatest common divisor of 9 and s.
9
Let c(n) = -3*n - 2. Let f be c(-4). Let j = 44 + f. Suppose -4*r + 78 + 63 = 5*w, -2*w - r = -j. What is the highest common divisor of w and 10?
5
Let b = -401 + 414. Let v(r) = 8*r + 65. Let f be v(13). What is the highest common factor of b and f?
13
Let a(w) = -3*w**2 + 6*w + 1. Let k be a(1). Let z be (k/3 + -1)/((-8)/(-1152)). Calculate the highest common factor of z and 16.
16
Let d = -5602 - -5707. What is the highest common divisor of 140 and d?
35
Suppose 3*v = 6*v - 21. Suppose 0 = 6*b - 8*b + 30. Suppose -4*j = -n + j + 46, -3*j = b. What is the greatest common factor of v and n?
7
Suppose -39347 = -33*r + 27673 + 49503. What is the greatest common divisor of r and 1926?
321
Suppose -1505*j - 360 = -1517*j. Let b(o) = -60*o + 1. Let u be b(-2). Let d = u - 61. What is the greatest common divisor of j and d?
30
Let q = 1737 - 1122. Suppose -1271 - 2039 = -103*d - 220. What is the highest common divisor of d and q?
15
Suppose 3402 = 13*u - 4988 - 5416. What is the greatest common divisor of u and 18?
18
Let a(u) = -u**3 + 95*u**2 - 289*u + 1198. Let n be a(92). Let s be (-2)/(-4) + (-27)/(-2). What is the highest common factor of n and s?
2
Let m be (-7)/((-24)/32 - (-2)/8). Let l be 82/m + 9 + 248/(-28). What is the greatest common divisor of l and 138?
6
Let g(z) = -6*z**2 - 82*z + 38. Let w be g(-14). What is the greatest common divisor of 26 and w?
2
Suppose 14*t - 18*t = -w + 10, 4*t = -3*w - 2. Let p be -3*(-1072)/w*4/12. Calculate the highest common divisor of p and 67.
67
Let g = -16953 + 16993. Calculate the greatest common divisor of g and 1024.
8
Let w = 15 - 13. Suppose -207 = -w*a + 365. Let o be (-219)/292 + (-214)/(-8). What is the highest common factor of a and o?
26
Let x(m) = -11*m + 23. Let c be x(2). Let n(t) = 4*t**2 + 2*t + 2. Let r be n(c). Calculate the highest common divisor of 12 and r.
4
Suppose -75*l = -7*s - 72*l + 21096, -2*l = -5*s + 15069. What is the highest common factor of 36 and s?
9
Suppose -167*z = -139*z - 140. What is the highest common factor of z and 1065?
5
Suppose -5*r = -2*q + 273, 11*r + 2002 = 17*q + 14*r. What is the highest common factor of 4879 and q?
119
Let p be ((-1)/3)/((-16)/(-432)) + 45. Suppose -1 = -4*o + 15. What is the greatest common divisor of o and p?
4
Let m be 1/(-2)*6/(-1). Let c be 1/(1*(-3 - ((-660)/35)/6)). Suppose 2*s - 20 = c*s, -2*w + 18 = m*s. Calculate the greatest common factor of w and 3.
3
Let v = -535 + 557. Suppose 0 = v*n - 451 - 2475. What is the highest common factor of n and 19?
19
Let s = -31719 + 32047. Calculate the greatest common divisor of s and 15252.
164
Suppose -5*n = -p - 559, -10 = 4*p + 6. Suppose 9*m - 5*s + n = 12*m, -2*s = -5*m + 216. What is the greatest common factor of m and 35?
7
Let j = 2 + -1. Let t(q) = 2*q**3 - 83*q**2 + 41*q + 23. Let i be t(41). What is the highest common factor of j and i?
1
Let p(i) = -12*i + 58. Let a be p(0). What is the highest common factor of 2581 and a?
29
Let i(a) = -63*a + 600. Let s be i(9). Let q(b) = -29*b - 22. Let l be q(-11). What is the greatest common factor of s and l?
33
Suppose -172*j + 178*j = 72. Suppose -2*f - 10 = -j*f. What is the greatest common factor of f and 3?
1
Let q = -8234 - -8242. What is the highest common divisor of 8088 and q?
8
Let w(t) = -t**3 + 8*t**2 - 13*t - 4. Let y be w(5). Suppose -5*m = h - 58, 7*h - 5*h - 4*m - 172 = 0. What is the greatest common factor of y and h?
6
Let c(t) = -t**3 + 32*t**2 - 124*t + 591. Let s be c(27). Calculate the highest common divisor of 16 and s.
8
Suppose 3*y + 0*t = -4*t + 1412, 0 = -2*y + 3*t + 930. What is the highest common divisor of 988 and y?
52
Let i be (-350)/(-5)*(-12)/(-15). Let g be (2690/(-8) - 2/(-8))/(231/(-308)). What is the highest common divisor of i and g?
56
Let s(t) = 131*t + 1364. Let z be s(-10). What is the greatest common factor of z and 750?
6
Let m = 3216 + -2779. What is the greatest common divisor of 38 and m?
19
Let p(t) = -74*t**3 - 2*t**2. Let z be p(-1). Let j be (3 - 6)/((-4)/60). Suppose 0 = -0*n - 5*n + j. Calculate the greatest common divisor of n and z.
9
Let y = 2962 + -1603. Let r be (-3)/5 - y*3/(-45). Calculate the highest common divisor of 450 and r.
90
Let u(l) = l**3 + 56*l**2 - 45*l + 164. Let y be u(14). Calculate the greatest common factor of 18 and y.
6
Suppose 212 - 834 - 582 = -86*r. Suppose -4*i = -4*w - 508, -2*w = 4*i + 2*w - 500. Calculate the highest common factor of r and i.
14
Suppose 4*a = -32, -588*h = -593*h + 5*a + 805. What is the greatest common divisor of h and 1564?
17
Suppose -2*j = 2*z - 6, -3 - 22 = -3*z + 5*j. Suppose 13*v + 5*b = 17*v - 858, -z*v - 4*b + 1093 = 0. What is the highest common factor of v and 124?
31
Suppose -130*p + 154 = 5*w - 128*p, 0 = w + 3*p - 36. What is the greatest common factor of w and 5010?
30
Suppose 3*b - 166 = -5*j, -4*b - 88*j + 85*j = -236. Calculate the highest common divisor of b and 5735.
31
Suppose 2*y = 2*c + 8, 3*c = y - 6*y + 28. Let a be (10 - 2) + (4 - c). Let m = 139 - 95. What is the greatest common factor of a and m?
11
Let u = -6676 - -6685. What is the highest common divisor of u and 273?
3
Suppose 5*m + 4 = 19. Suppose 4*z + 4 = 0, m*z - 31 = -4*r + 2. Suppose r*o = -5*o + 28. What is the highest common divisor of o and 10?
2
Suppose 0 = -43*w + 48*w + 30. Let k be 5*1*(-2)/10*w. Suppose -3*n = -k*n - g + 71, -g = -3*n + 79. What is the highest common factor of n and 25?
25
Suppose -n + 5312 = -x, 0 = -19*n + 18*n - 4*x + 5312. Calculate the highest common divisor of n and 576.
64
Suppose -4956*z = -4944*z - 7500. What is the highest common divisor of 425 and z?
25
Let o = 11106 + -8757. Calculate the highest common factor of o and 729.
81
Let u be ((-160)/(-24))/(23/3036). Calculate the highest common divisor of u and 112.
16
Let h be 0 - -5 - (-15)/(-5). Suppose 4*n = -3*l + 378, -5*n + h*l = -12 - 472. What is the greatest common factor of 3 and n?
3
Let h be 3/((-3)/(-2)) + 3. Let m be 384 - ((-15)/h - 1). Let d = 661 - m. What is the greatest common divisor of 21 and d?
21
Suppose -26*a + 719 = 73*a + 224. Suppose -90 = -3*x + x + 5*t, 0 = 4*x + t - 136. Calculate the greatest common factor of x and a.
5
Let m(q) = -35*q**3 + 15*q**2 + 42*q. Let z be m(-2). What is the greatest common factor of 400 and z?
16
Let c = 46 + -34. Suppose -c*d - 15 = -207. Calculate the highest common factor of 12 and d.
4
Suppose -3*l - 441 = -3*v, -v + 5*l = -151 + 4. Let h(r) = -444*r + 37359. Let x be h(84). Calculate the greatest common factor of v and x.
21
Let k(f) be the second derivative of -5*f**5/4 + f**2/2 + 6*f. Let t be k(-1). Let g be (0 + t)/(2/1). What is the greatest common factor of g and 52?
13
Suppose -3*y + 127 = 4*q - 749, 2*q - 3*y = 456. Calculate the greatest common divisor of 9472 and q.
74
Suppose 74*d - 122945 = 2148704 - 553813. What is the highest common factor of 318 and d?
318
Suppose -z + 13 = -0*z. Suppose -4*r = 3*s + 338, r + 2*s + 340 = -3*r. Let f = 57 - r. Calculate the highest common factor of f and z.
13
Suppose -3*z - 2*z = -4*i - 41, z - 10 = -i. Suppose 0 = z*u - 162 - 9. Calculate the highest common factor of u and 361.
19
Suppose -5*n - 2*r - 177 = -532, -2*n + 4*r + 118 = 0. Let b = -59 + n. Let l = 52 - b. Calculate the greatest common divisor of 28 and l.
14
Let f(o) = o**3 + 3*o**2 + 8. Let v(b) = -b**3 - b + 2. Let a(z) = -f(z) + 2*v(z). Let t be a(-2). What is the highest common factor of t and 156?
12
Let b be -3 - -1 - (-1 - 4). Let m be ((78 + -97)/(-19))/(1/15). What is the highest common factor of b and m?
3
Let z(t) = 3*t**2 + 3*t + 4. Suppose 2*y = 4*v - 2 - 2, 0 = -y + 5*v + 1. Let u be z(y). Calculate the highest common divisor of 30 and u.
10
Let b = -47 - -49. Let q(a) = -3*a - 5 + a**b + 10 + 3. Let o be q(4). Calculate the greatest common divisor of o and 48.
12
Let l